 8*s - 120 = 3*s. Suppose 2*g - 4*m - 32 = m, -2*g + m = -s. What are the prime factors of g?
11
Let c = 15 + -6. Suppose 5*r - c*r + 16 = 0. List the prime factors of r.
2
Suppose 3*j + 5 = 4*j. Let i(b) = -b + 8. Let o be i(j). Suppose 4 = x, g = -o*x + 23 + 2. What are the prime factors of g?
13
Let d(r) be the second derivative of r**4/3 + r. List the prime factors of d(3).
2, 3
Let l(v) = 2*v**2 + 4*v + 2. Let g be l(-4). List the prime factors of g + (-2)/4*2.
17
Suppose 6 + 10 = 4*r. Suppose -5*s - 55 = -r*h, -5*h + 78 = -0*s + 3*s. What are the prime factors of (0 + h)*(-5)/(-15)?
5
Let j(r) = 6*r**3 + r**2 - r. Let i be j(1). Let a be (-6)/(-5)*20/(-6). Let d = i - a. List the prime factors of d.
2, 5
Let f(i) = -2*i - 17. Let o be f(-5). Let b = 31 + -20. Let w = o + b. List the prime factors of w.
2
Let l = 457 - 139. What are the prime factors of l?
2, 3, 53
Suppose -2*v = -3*s - 97 - 103, 5*v + s - 500 = 0. What are the prime factors of v?
2, 5
Suppose 0*c - 2*z = 4*c - 16, -4*c + 16 = -5*z. Let a(x) = 2*x + 3 - c - 2. What are the prime factors of a(7)?
11
Suppose -3*t = -y - 167, t + 3*t - 196 = -4*y. Suppose t = 2*l - 4*q, 5*q = 8 + 12. List the prime factors of l.
5, 7
Let n be 394/(-10) + 8/20. Let w be (n/9)/(1/(-3)). Suppose -3*b + p + w = 0, -3*b + 2*p = 2*b - 20. What are the prime factors of b?
2, 3
Suppose t + 3*c + 7 = 0, 6 = t - c + 1. Suppose -5*x - 10 = 0, 5*x + 7 = t*q - 11. Suppose 3*r + 44 = 5*y - 8, -51 = -5*y + q*r. List the prime factors of y.
11
Let q = 2 - 2. What are the prime factors of q + 31 + (-18)/(-6)?
2, 17
List the prime factors of 13/(-65) + (-341)/(-5).
2, 17
Suppose -3*j - 4 = j. Let p = j - 8. Let r = p - -22. What are the prime factors of r?
13
Let g be (12/8)/(2/28). Let n = g - -2. What are the prime factors of n?
23
Let j(t) = 2*t**2 - 3*t + 2. Let b be j(2). Suppose -5*x + b*x + 2 = 0. Suppose -x*r + 0*r = -10. List the prime factors of r.
5
Suppose -o + 2*o = -14. Let u = o - -20. What are the prime factors of u?
2, 3
Suppose -297 + 21 = -4*o. What are the prime factors of o?
3, 23
Let g be 2 + 5 + (-1 - -2). Suppose -3*c + 7*c - g = 0. List the prime factors of c.
2
Let j(c) be the second derivative of c**7/1260 - c**6/360 - c**4/6 + c. Let a(t) be the third derivative of j(t). What are the prime factors of a(2)?
2
Let a be 10/(-30) - 104/(-6). Let t be 1/(1/29*1). Let s = t - a. What are the prime factors of s?
2, 3
Let o = -98 + 137. What are the prime factors of o?
3, 13
Suppose 0*v = v - 2*r - 42, 3*v = 2*r + 114. Suppose -4*k = 3*u - 2*u - v, 4*k = 2*u - 72. What are the prime factors of u?
2, 3
Suppose 0 = -5*r + 36 + 4. Let o(z) = z**2 - 6*z - 8. List the prime factors of o(r).
2
Let r(x) = -x**3 - 3*x + 6 + 10*x**2 - 4*x - 3*x**2. Let b be r(6). Suppose -2*z = -b*n - 2*n - 24, 1 = 3*z + 4*n. What are the prime factors of z?
7
Suppose p = 2*p - 180. List the prime factors of p.
2, 3, 5
Let p = 198 + -41. List the prime factors of p.
157
Let d be 2/4*(-70)/(-5). Suppose 1 = -4*q - d. Let y = q + 11. What are the prime factors of y?
3
Let l = -3 - -8. Let s = -5 + l. What are the prime factors of 4*(s - 27/(-12))?
3
List the prime factors of (-32 - 0/(-2))*(-48)/8.
2, 3
Let f(w) = -5 - 3*w**2 - w**3 - 7*w**2 - 8 - 11*w. Let q be f(-9). Let a(v) = v**3 - 5*v**2 + 2*v - 7. List the prime factors of a(q).
3
Suppose 2*v + 27 = -r, 4*v - r + 66 = r. Suppose 2*g + 2*f = -8 - 8, 2*g - f = -19. Let d = g - v. List the prime factors of d.
2, 3
Let u = 15 - 25. Let q = u - -22. What are the prime factors of q?
2, 3
Let q(o) = o. Let n be q(2). Let i(s) = 3*s + 1 + s - 2*s + n*s. What are the prime factors of i(3)?
13
Suppose h + 2*h - 42 = 0. Suppose 7 = g - a, 65 - h = 3*g + 3*a. List the prime factors of g.
2, 3
Let d(o) = -5*o**2 - 2*o**3 + o**3 + 0*o**3 + 6*o + 5. Let z be d(-6). Let f = 1 + z. List the prime factors of f.
2, 3
What are the prime factors of (-1)/(-2)*96/1?
2, 3
Let w = -3 + 3. What are the prime factors of 2*(7 + 1 + w)?
2
Let s(m) be the second derivative of m**4/3 + m**3/6 + m**2/2 + m. List the prime factors of s(-1).
2
Suppose -16*x = 160 - 2144. What are the prime factors of x?
2, 31
Suppose -w + d - 60 = -2*w, -2*d + 309 = 5*w. List the prime factors of w.
3, 7
Let p be (-2)/5 + 224/(-40). Let k(q) = q**3 + 6*q**2 - 5*q - 6. List the prime factors of k(p).
2, 3
What are the prime factors of 6/(-8) - 755/(-20)?
37
Let w be -10*(1 + 0) + 0. Let u = -6 - w. Let o = 11 - u. What are the prime factors of o?
7
Let p be 5/10*(2 + 0). Let a(y) = 28*y**2 + y - 1. What are the prime factors of a(p)?
2, 7
Let t(m) = -2*m + 1. Let h be t(-1). Suppose 3*u - 5 = -5*r, -h*r - 13 = 6*u - u. Suppose -15 = -o - r*o. List the prime factors of o.
3
Suppose -6*z + 2*z + 460 = 0. What are the prime factors of z?
5, 23
Let b = 14 - 8. Suppose -7 = -5*a - 2, 5*f + 2 = 2*a. Suppose f = 3*m - 0 - b. What are the prime factors of m?
2
Suppose 5*l + p - 6*p = 0, -p = -4*l. Let y(d) be the first derivative of d**4/4 - d**2/2 + 6*d + 15. What are the prime factors of y(l)?
2, 3
Let f(j) be the second derivative of 0 - 2*j - j**2 - 1/6*j**3. What are the prime factors of f(-6)?
2
Let r = 763 + -540. What are the prime factors of r?
223
Suppose 4*x - 324 = -4*o, -2*o + 4*o = -3*x + 163. What are the prime factors of o?
2, 5
Suppose 184 + 456 = 2*x. List the prime factors of x.
2, 5
Let j be 0/(-3*(-3)/(-9)). Suppose 0 = -2*v + 3*v. Suppose v*h + h - 4 = j. What are the prime factors of h?
2
Suppose 3*i = 3*a - 15, -3*a + 0*i + 4*i + 19 = 0. Suppose -a = -2*y + 7. Suppose -u = -4 - y. List the prime factors of u.
2
Suppose 2*h - 24 = 2*u, u = -h - 3*h + 23. Suppose -h*d = -2*d + 10. List the prime factors of (d + 1 - 1)*-4.
2
Let m(s) = s**2 - 6*s - 1. Let y be (1 + 4)*16/10. What are the prime factors of m(y)?
3, 5
Suppose 96 = 5*s - 2*k + 6, 2*k - 22 = -2*s. Suppose 3*t + 40 = -5*x + x, 4*t - 4*x = -s. Let u = t - -12. What are the prime factors of u?
2
Let y(b) be the third derivative of b**4/24 - 5*b**3/6 - 4*b**2. Let c be y(-10). What are the prime factors of 8/6*c/(-10)?
2
Suppose -2*o - 682 = -13*o. What are the prime factors of o?
2, 31
List the prime factors of 12 + 5 + 1*3.
2, 5
Let h = -44 + 84. List the prime factors of h.
2, 5
Suppose -o - 2*o + 51 = 0. Suppose 4*s - 5*u = 30, -3*s + 5*u + 8 = -o. Suppose -d = -s - 3. List the prime factors of d.
2
Suppose -n + 10 = -4*z + z, 2*z = -2*n + 52. What are the prime factors of n?
2, 11
Let p = -8 - -83. Let f = -54 + p. What are the prime factors of f?
3, 7
Let b = -2 - -4. Let s(m) = -m + 4. What are the prime factors of s(b)?
2
Let l(k) = k**3 - 4*k**2 - 2*k - 16. List the prime factors of l(7).
3, 13
List the prime factors of -2*48/(-15)*5.
2
Suppose 0*k = -3*u + 2*k + 14, -4*u - 5*k - 12 = 0. Suppose -78 = -4*j + 2*o, -u*j - o = -3*o - 44. List the prime factors of j.
17
Suppose 5*u - 2*g - 22 = 0, -u + g + 5 = -0*g. List the prime factors of ((-2)/(-6))/(u/96).
2
Let t = 104 + -23. List the prime factors of t.
3
Suppose -4 = 4*x + 4*r, r - 3*r = -x - 7. Let d(b) = b**2 + 2*b - 1. What are the prime factors of d(x)?
2
Suppose 12*k = 5*k + 1890. List the prime factors of k.
2, 3, 5
Let z(c) = -3*c - 6. Let l(u) = u + 1. Let p(r) = -2*l(r) - z(r). What are the prime factors of p(7)?
11
Let g(d) = 15*d - 7. Suppose p = -4*p + 25. Let z be g(p). Suppose -5*o + 12 + z = 0. List the prime factors of o.
2
Let d = 184 - 101. Suppose 4*h + d = -21. Let v = 36 + h. What are the prime factors of v?
2, 5
Let h = 23 - 13. Let i(d) = d**2 - 7*d - 2. List the prime factors of i(h).
2, 7
Suppose 0*d - 3 = -3*d. Let p(a) = 9*a**3 + a**2 - 2*a + 1. Let y be p(d). Suppose -z = -2*z + y. What are the prime factors of z?
3
Let a(u) = u**2 - 14*u + 5. Let q be a(14). Let c be (-3)/(3/(-4)) + 1. Suppose 2*g - c*b + 10*b = 24, 0 = -5*g + q*b + 25. List the prime factors of g.
7
Let g be 2*(-2*1 - -17). Suppose 0 = f - 4*p - 15, -4*p - g = -5*f + p. Suppose -4*i = f*j - 32, 3*i - j = 4*j + 24. What are the prime factors of i?
2
Suppose j + 61 = -3*p - p, 71 = -5*p - 3*j. Let y = -4 - p. List the prime factors of y.
2, 3
Let f = 11 + -4. Let h(s) = s**2 + 2*s - f*s**2 + 2*s**3 - s**3. What are the prime factors of h(6)?
2, 3
Suppose 47 = 4*w + 7. Suppose -v